{"id":38,"date":"2017-03-30T12:51:50","date_gmt":"2017-03-30T12:51:50","guid":{"rendered":"http:\/\/one-world-workshop-project.info\/?page_id=38"},"modified":"2017-11-15T23:47:54","modified_gmt":"2017-11-15T23:47:54","slug":"der-ort","status":"publish","type":"page","link":"https:\/\/one-world-workshop-project.info\/?page_id=38","title":{"rendered":"Der Ort"},"content":{"rendered":"<p>Prinzipiell kann das Geb\u00e4ude an jedem Ort der Welt stehen. Es wird dort gebaut werden, wo sich Menschen besonders daf\u00fcr einsetzen.<br \/>\nDeutschland k\u00f6nnte als Ort deshalb geeignet sein, weil es, obwohl ehemals als Land der Dichter und Denker gesch\u00e4tzt, w\u00e4hrend der nationalsozialistischen \u00c4ra technische Fortschrittlichkeit mit geistig destruktiven Impulsen verband und damit gro\u00dfes Leid verursachte. Mit einem Engagement f\u00fcr das Projekt k\u00f6nnte heute ein Beitrag zur mentalen Gesundheit geleistet werden.<\/p>\n<p>In meiner Visualisierung ist das Projekt auf das Tempelhofer Feld in Berlin projiziert worden, wohl wissend, dass hier eine Bebauung nach dem Volksentscheid aus guten Gr\u00fcnden nicht m\u00f6glich ist.<br \/>\nM\u00f6glicherweise findet sich ein anderer Ort, an dem als historischer Bezug einer monumentalen, die Herrschs\u00fcchtigkeit des Nationalsozialismus verk\u00f6rpernde Baukultur ein modernes Geb\u00e4ude als Kontrast gegen\u00fcbergestellt wird, welches den Vers\u00f6hnungswillen in die Welt tragen soll. Vielleicht k\u00f6nnte aber auch die Mission, an einer globalen Ethik zu arbeiten, einen w\u00fcrdigen Mittelpunkt f\u00fcr einen \u201eB\u00fcrgergarten\u201c Tempelhofer Feld bilden und deshalb eine Ausnahme vom Bebauungsverbot rechtfertigen.<\/p>\n<p><img loading=\"lazy\" decoding=\"async\" src=\"https:\/\/one-world-workshop-project.info\/wp-content\/uploads\/2017\/03\/Au\u00dfen2-1024x625.jpg\" alt=\"\" width=\"800\" height=\"488\" class=\"alignnone size-large wp-image-12\" srcset=\"https:\/\/one-world-workshop-project.info\/wp-content\/uploads\/2017\/03\/Au\u00dfen2-1024x625.jpg 1024w, https:\/\/one-world-workshop-project.info\/wp-content\/uploads\/2017\/03\/Au\u00dfen2-300x183.jpg 300w, https:\/\/one-world-workshop-project.info\/wp-content\/uploads\/2017\/03\/Au\u00dfen2-768x469.jpg 768w, https:\/\/one-world-workshop-project.info\/wp-content\/uploads\/2017\/03\/Au\u00dfen2.jpg 1920w\" sizes=\"auto, (max-width: 800px) 100vw, 800px\" \/><\/p>\n","protected":false},"excerpt":{"rendered":"<p>Prinzipiell kann das Geb\u00e4ude an jedem Ort der Welt stehen. Es wird dort gebaut werden, wo sich Menschen besonders daf\u00fcr einsetzen. Deutschland k\u00f6nnte als Ort deshalb geeignet sein, weil es, &#8230;<\/p>\n","protected":false},"author":1,"featured_media":0,"parent":0,"menu_order":0,"comment_status":"closed","ping_status":"closed","template":"","meta":{"footnotes":""},"class_list":["post-38","page","type-page","status-publish","hentry"],"_links":{"self":[{"href":"https:\/\/one-world-workshop-project.info\/index.php?rest_route=\/wp\/v2\/pages\/38","targetHints":{"allow":["GET"]}}],"collection":[{"href":"https:\/\/one-world-workshop-project.info\/index.php?rest_route=\/wp\/v2\/pages"}],"about":[{"href":"https:\/\/one-world-workshop-project.info\/index.php?rest_route=\/wp\/v2\/types\/page"}],"author":[{"embeddable":true,"href":"https:\/\/one-world-workshop-project.info\/index.php?rest_route=\/wp\/v2\/users\/1"}],"replies":[{"embeddable":true,"href":"https:\/\/one-world-workshop-project.info\/index.php?rest_route=%2Fwp%2Fv2%2Fcomments&post=38"}],"version-history":[{"count":4,"href":"https:\/\/one-world-workshop-project.info\/index.php?rest_route=\/wp\/v2\/pages\/38\/revisions"}],"predecessor-version":[{"id":228,"href":"https:\/\/one-world-workshop-project.info\/index.php?rest_route=\/wp\/v2\/pages\/38\/revisions\/228"}],"wp:attachment":[{"href":"https:\/\/one-world-workshop-project.info\/index.php?rest_route=%2Fwp%2Fv2%2Fmedia&parent=38"}],"curies":[{"name":"wp","href":"https:\/\/api.w.org\/{rel}","templated":true}]}}