{"id":36,"date":"2017-03-30T12:51:32","date_gmt":"2017-03-30T12:51:32","guid":{"rendered":"http:\/\/one-world-workshop-project.info\/?page_id=36"},"modified":"2017-04-14T11:39:41","modified_gmt":"2017-04-14T11:39:41","slug":"die-architektur","status":"publish","type":"page","link":"https:\/\/one-world-workshop-project.info\/?page_id=36","title":{"rendered":"Die Architektur"},"content":{"rendered":"<p>Als Modell wurde eine Pyramide gew\u00e4hlt. Die Drehung der Pyramidensegmente stellt den permanenten Fortschritt dar.<br \/>\nDie Halle in der Basis dient der \u00d6ffentlichkeit als Raum f\u00fcr Begegnung, Gespr\u00e4che, Vortr\u00e4ge, Pr\u00e4sentationen, k\u00fcnstlerische Darbietungen und Musikveranstaltungen. In ihr k\u00f6nnen auch die Ergebnisse der Workshops mit der \u00d6ffentlichkeit kommuniziert werden. Im Zentrum der Halle w\u00f6lbt sich ein parabolartiger Innenraum, der Blickkontakt zu allen Ebenen schafft und \u00fcber den alle Ebenen zueinander einsehbar sind.<\/p>\n<p>Hier\u00fcber stehen auch alle Segmente, in denen jeweils Vertreter der genannten Themenbereiche als Stiftungsg\u00e4ste arbeiten, als Ausdruck der Transparenz und N\u00e4he miteinander in Verbindung. <\/p>\n<p>Die Spitze des Baus ist der Begegnung aller Segmente miteinander vorbehalten. Sie besteht aus zwei Teilen. Im unteren Teil liegen Konferenz und \u2013Begegnungsr\u00e4ume. Im oberen Teil ist ein Schweigeraum, der zuweilen den G\u00e4sten und zuweilen allen Menschen zug\u00e4nglich ist.<\/p>\n<p>Die architektonische Umsetzung soll nur als Vorschlag verstanden werden.<\/p>\n<p><img loading=\"lazy\" decoding=\"async\" src=\"https:\/\/one-world-workshop-project.info\/wp-content\/uploads\/2017\/03\/cropped-Au\u00dfen2-1-1024x614.png\" alt=\"\" width=\"800\" height=\"480\" class=\"alignnone size-large wp-image-10\" srcset=\"https:\/\/one-world-workshop-project.info\/wp-content\/uploads\/2017\/03\/cropped-Au\u00dfen2-1-1024x614.png 1024w, https:\/\/one-world-workshop-project.info\/wp-content\/uploads\/2017\/03\/cropped-Au\u00dfen2-1-300x180.png 300w, https:\/\/one-world-workshop-project.info\/wp-content\/uploads\/2017\/03\/cropped-Au\u00dfen2-1-768x460.png 768w, https:\/\/one-world-workshop-project.info\/wp-content\/uploads\/2017\/03\/cropped-Au\u00dfen2-1.png 2000w\" sizes=\"auto, (max-width: 800px) 100vw, 800px\" \/><\/p>\n","protected":false},"excerpt":{"rendered":"<p>Als Modell wurde eine Pyramide gew\u00e4hlt. Die Drehung der Pyramidensegmente stellt den permanenten Fortschritt dar. Die Halle in der Basis dient der \u00d6ffentlichkeit als Raum f\u00fcr Begegnung, Gespr\u00e4che, Vortr\u00e4ge, Pr\u00e4sentationen, &#8230;<\/p>\n","protected":false},"author":1,"featured_media":0,"parent":0,"menu_order":0,"comment_status":"closed","ping_status":"closed","template":"","meta":{"footnotes":""},"class_list":["post-36","page","type-page","status-publish","hentry"],"_links":{"self":[{"href":"https:\/\/one-world-workshop-project.info\/index.php?rest_route=\/wp\/v2\/pages\/36","targetHints":{"allow":["GET"]}}],"collection":[{"href":"https:\/\/one-world-workshop-project.info\/index.php?rest_route=\/wp\/v2\/pages"}],"about":[{"href":"https:\/\/one-world-workshop-project.info\/index.php?rest_route=\/wp\/v2\/types\/page"}],"author":[{"embeddable":true,"href":"https:\/\/one-world-workshop-project.info\/index.php?rest_route=\/wp\/v2\/users\/1"}],"replies":[{"embeddable":true,"href":"https:\/\/one-world-workshop-project.info\/index.php?rest_route=%2Fwp%2Fv2%2Fcomments&post=36"}],"version-history":[{"count":4,"href":"https:\/\/one-world-workshop-project.info\/index.php?rest_route=\/wp\/v2\/pages\/36\/revisions"}],"predecessor-version":[{"id":170,"href":"https:\/\/one-world-workshop-project.info\/index.php?rest_route=\/wp\/v2\/pages\/36\/revisions\/170"}],"wp:attachment":[{"href":"https:\/\/one-world-workshop-project.info\/index.php?rest_route=%2Fwp%2Fv2%2Fmedia&parent=36"}],"curies":[{"name":"wp","href":"https:\/\/api.w.org\/{rel}","templated":true}]}}