{"id":31,"date":"2017-03-30T12:49:38","date_gmt":"2017-03-30T12:49:38","guid":{"rendered":"http:\/\/one-world-workshop-project.info\/?page_id=31"},"modified":"2017-04-14T11:35:14","modified_gmt":"2017-04-14T11:35:14","slug":"die-idee","status":"publish","type":"page","link":"https:\/\/one-world-workshop-project.info\/?page_id=31","title":{"rendered":"Die Idee"},"content":{"rendered":"<p>Schaffen wir uns einen Ort, an dem Menschen aus den unterschiedlichen Regionen der Welt trotz aller Unterschiede auf Augenh\u00f6he miteinander im Gespr\u00e4ch bleiben. Ein Ort, an dem die verschiedenen Aspekte des Menschen wie Rationalit\u00e4t, materielle Interessen, Kunst und Religion zur Geltung kommen. Ein Ort, der weltweit Vertrauen schafft, weil er frei von politischen, wirtschaftlichen und religi\u00f6sen Abh\u00e4ngigkeiten und Lobbyismus bleibt. <\/p>\n<p><img loading=\"lazy\" decoding=\"async\" src=\"https:\/\/one-world-workshop-project.info\/wp-content\/uploads\/2017\/04\/RenderingAtrium3-1024x576.jpg\" alt=\"\" width=\"800\" height=\"450\" class=\"alignnone size-large wp-image-52\" srcset=\"https:\/\/one-world-workshop-project.info\/wp-content\/uploads\/2017\/04\/RenderingAtrium3-1024x576.jpg 1024w, https:\/\/one-world-workshop-project.info\/wp-content\/uploads\/2017\/04\/RenderingAtrium3-300x169.jpg 300w, https:\/\/one-world-workshop-project.info\/wp-content\/uploads\/2017\/04\/RenderingAtrium3-768x432.jpg 768w, https:\/\/one-world-workshop-project.info\/wp-content\/uploads\/2017\/04\/RenderingAtrium3.jpg 1920w\" sizes=\"auto, (max-width: 800px) 100vw, 800px\" \/><\/p>\n","protected":false},"excerpt":{"rendered":"<p>Schaffen wir uns einen Ort, an dem Menschen aus den unterschiedlichen Regionen der Welt trotz aller Unterschiede auf Augenh\u00f6he miteinander im Gespr\u00e4ch bleiben. Ein Ort, an dem die verschiedenen Aspekte &#8230;<\/p>\n","protected":false},"author":1,"featured_media":0,"parent":0,"menu_order":0,"comment_status":"closed","ping_status":"closed","template":"","meta":{"footnotes":""},"class_list":["post-31","page","type-page","status-publish","hentry"],"_links":{"self":[{"href":"https:\/\/one-world-workshop-project.info\/index.php?rest_route=\/wp\/v2\/pages\/31","targetHints":{"allow":["GET"]}}],"collection":[{"href":"https:\/\/one-world-workshop-project.info\/index.php?rest_route=\/wp\/v2\/pages"}],"about":[{"href":"https:\/\/one-world-workshop-project.info\/index.php?rest_route=\/wp\/v2\/types\/page"}],"author":[{"embeddable":true,"href":"https:\/\/one-world-workshop-project.info\/index.php?rest_route=\/wp\/v2\/users\/1"}],"replies":[{"embeddable":true,"href":"https:\/\/one-world-workshop-project.info\/index.php?rest_route=%2Fwp%2Fv2%2Fcomments&post=31"}],"version-history":[{"count":4,"href":"https:\/\/one-world-workshop-project.info\/index.php?rest_route=\/wp\/v2\/pages\/31\/revisions"}],"predecessor-version":[{"id":163,"href":"https:\/\/one-world-workshop-project.info\/index.php?rest_route=\/wp\/v2\/pages\/31\/revisions\/163"}],"wp:attachment":[{"href":"https:\/\/one-world-workshop-project.info\/index.php?rest_route=%2Fwp%2Fv2%2Fmedia&parent=31"}],"curies":[{"name":"wp","href":"https:\/\/api.w.org\/{rel}","templated":true}]}}