{"id":130,"date":"2017-03-13T23:20:16","date_gmt":"2017-03-13T23:20:16","guid":{"rendered":"http:\/\/one-world-workshop-project.info\/?page_id=130"},"modified":"2017-04-13T23:29:05","modified_gmt":"2017-04-13T23:29:05","slug":"dr-med-erich-freisleben","status":"publish","type":"page","link":"https:\/\/one-world-workshop-project.info\/?page_id=130","title":{"rendered":"Dr. med. Erich Freisleben"},"content":{"rendered":"<p>Ich bin ein in Berlin als Hausarzt niedergelassener Internist, vereheiratet und Vater von sechs Kindern. Als Gesch\u00e4ftsf\u00fchrer eines \u00c4rztenetzwerks setze ich mich f\u00fcr eine ganzheitliche Medizin ein, die allen Versicherten zur Verf\u00fcgung steht.<\/p>\n","protected":false},"excerpt":{"rendered":"<p>Ich bin ein in Berlin als Hausarzt niedergelassener Internist, vereheiratet und Vater von sechs Kindern. Als Gesch\u00e4ftsf\u00fchrer eines \u00c4rztenetzwerks setze ich mich f\u00fcr eine ganzheitliche Medizin ein, die allen Versicherten &#8230;<\/p>\n","protected":false},"author":1,"featured_media":132,"parent":0,"menu_order":0,"comment_status":"closed","ping_status":"closed","template":"","meta":{"footnotes":""},"class_list":["post-130","page","type-page","status-publish","has-post-thumbnail","hentry"],"_links":{"self":[{"href":"https:\/\/one-world-workshop-project.info\/index.php?rest_route=\/wp\/v2\/pages\/130","targetHints":{"allow":["GET"]}}],"collection":[{"href":"https:\/\/one-world-workshop-project.info\/index.php?rest_route=\/wp\/v2\/pages"}],"about":[{"href":"https:\/\/one-world-workshop-project.info\/index.php?rest_route=\/wp\/v2\/types\/page"}],"author":[{"embeddable":true,"href":"https:\/\/one-world-workshop-project.info\/index.php?rest_route=\/wp\/v2\/users\/1"}],"replies":[{"embeddable":true,"href":"https:\/\/one-world-workshop-project.info\/index.php?rest_route=%2Fwp%2Fv2%2Fcomments&post=130"}],"version-history":[{"count":3,"href":"https:\/\/one-world-workshop-project.info\/index.php?rest_route=\/wp\/v2\/pages\/130\/revisions"}],"predecessor-version":[{"id":140,"href":"https:\/\/one-world-workshop-project.info\/index.php?rest_route=\/wp\/v2\/pages\/130\/revisions\/140"}],"wp:featuredmedia":[{"embeddable":true,"href":"https:\/\/one-world-workshop-project.info\/index.php?rest_route=\/wp\/v2\/media\/132"}],"wp:attachment":[{"href":"https:\/\/one-world-workshop-project.info\/index.php?rest_route=%2Fwp%2Fv2%2Fmedia&parent=130"}],"curies":[{"name":"wp","href":"https:\/\/api.w.org\/{rel}","templated":true}]}}